et k(y) = 2*y**3 - y**2 + 7. Let x be k(-3). Let g = c - x. What is the units digit of g?
8
Let i(y) = 24*y**2 - 3*y - 155. What is the tens digit of i(-10)?
7
Let d(u) = 2*u**2 + 27*u - 14. Let h be d(-14). Suppose 5*l - 2*i - 360 = -h*l, 163 = 2*l + 3*i. What is the units digit of l?
4
Suppose 3*j = 30 + 9. Let a = -17 + j. What is the units digit of ((-9)/(-2))/((-3)/a)?
6
What is the hundreds digit of 18/378*21*(0 - -2627)?
6
Let d(n) = 8*n**2 + 60*n + 25. What is the hundreds digit of d(-17)?
3
Suppose -19 = -4*n + 129. Suppose -3*o - 49 = -5*p + 26, 5*o = p - n. What is the units digit of (-37 - 2)*(-4)/p?
3
Let m = -9 - -5. Let o(z) = -z**3 - 8*z**2 - 10*z + 7. Let p(r) = -r**3 - 7*r**2 - 8*r + 6. Let b(y) = -3*o(y) + 4*p(y). What is the units digit of b(m)?
1
Let p = 271 - -492. What is the tens digit of p?
6
Let z(d) = -d**3 + 18*d**2 - 8*d + 6. What is the hundreds digit of z(7)?
4
Let d(l) = l + 6. Let f be d(-3). Let t = f + 45. What is the units digit of t?
8
Let v = -355 + 822. What is the tens digit of v?
6
Let s(f) = 12*f**2 - 23*f - 184. What is the thousands digit of s(-12)?
1
Suppose 3*b - 2*b = 5. What is the units digit of (7/b)/(2/10)?
7
Suppose 0 = 3*h - 8 - 184. Suppose -g + q = -h, -g + 2*q - 14 = -81. What is the units digit of g?
1
Let u = 1091 - 1049. What is the units digit of u?
2
Let y be (-16)/20 - (-2)/(-10). Let w = y - 9. What is the tens digit of ((-96)/(-30))/((-1)/w)?
3
Suppose -w + 4*w = 15. Let j = 313 + -189. Suppose 100 = 4*f - n, n = -w*f + 2*n + j. What is the tens digit of f?
2
Let u(p) = -508*p + 8. What is the tens digit of u(-2)?
2
Let l = -44 + 85. Let g = -12 + l. What is the tens digit of g?
2
Let w(a) = -56*a - 9. What is the hundreds digit of w(-11)?
6
Let u(o) = -o + 1. Let t = -6 + 7. Let b(m) = -6*m + 19. Let a(r) = t*b(r) - 5*u(r). What is the units digit of a(0)?
4
Let y = -585 - -3425. What is the tens digit of y?
4
Let z = -590 + 951. What is the tens digit of z?
6
Let a = 318 + -15. What is the units digit of a?
3
Let z be 15/((-2 + -2)/(-4)). Let n be (-6)/z + (-34)/(-10). Suppose -n*y = x - 32, -29 = -y - 6*x + 2*x. What is the units digit of y?
9
Let v be 4*25/80*4. Let p = 60 + v. What is the units digit of p?
5
Let q be (-17 - -12)/(2/(-2)). Suppose -c + 235 = -2*j + 5*j, q*c = -2*j + 161. What is the units digit of j?
8
Let i = 43 + -43. Suppose 4*q = -u - 4*u + 59, -4*q - 2*u + 74 = i. What is the tens digit of q?
2
Suppose 0 = -50*h + 4*h + 80362. What is the hundreds digit of h?
7
Let p = -325 + 327. What is the units digit of p?
2
Let g(j) = -6*j**3 - 6*j**2 - 2. What is the units digit of g(-3)?
6
Let s be 1*(-1 - -10)*1. What is the tens digit of ((-60)/s)/(2/(-30))?
0
Suppose 40*p - 1785 = 33*p. What is the units digit of p?
5
Let i(p) = -1. Let n(r) = 2*r**2 - 3*r - 9. Let x(m) = -6*i(m) + n(m). What is the units digit of x(7)?
4
Let k = -50 + 25. Let w = 20 + k. Let y = w + 9. What is the units digit of y?
4
Let d be (-1 + (-15)/(-6))/(3/512). Suppose -53 = -3*i + d. What is the tens digit of i?
0
Let u = 90 + -96. What is the tens digit of (264/55)/(u/(-80))?
6
Let t be ((-6)/(-9))/((-7)/336). Let z be (4/(-3))/(t/24). Let y(v) = 42*v**3 + 2*v - 1. What is the tens digit of y(z)?
4
Let o(l) = -l**2 + 13*l - 35. Let x be o(5). Suppose -68 + 1118 = x*i. What is the hundreds digit of i?
2
Suppose -3*x = -3*d - 11031, -x - d = -0*d - 3679. What is the hundreds digit of x?
6
Let f(c) = -2 - 7*c + 3*c - 2 - c. Let m(p) = -p**3 - 8*p**2 - 5*p + 8. Let y be m(-7). What is the units digit of f(y)?
6
Let i = 2 + 2. Suppose 5*v = i*k - 11 - 44, 0 = 5*v - 25. Suppose -q + k = -1. What is the units digit of q?
1
Let j(x) = 14*x**2 - 8*x - 77. What is the units digit of j(-7)?
5
Let s(b) = -2*b**2 + 7*b - 3. Let j be s(-5). What is the units digit of 3/(-12)*(j - 4)?
3
Suppose -2*x - 11*v = -14*v - 3498, 0 = 4*x + 5*v - 6974. What is the units digit of x?
6
Suppose 410 = 4*f - 2*r, -f - 2*r + r = -101. Let d = 62 + f. What is the units digit of d?
4
Let p = -226 + 832. What is the hundreds digit of p?
6
Let o(j) be the second derivative of -11*j**3/6 + 31*j**2/2 + j. What is the units digit of o(-11)?
2
Let o(p) be the second derivative of p**3/6 + 9*p**2/2 - 262*p. Let d(t) = 3*t + 1. Let u be d(2). What is the tens digit of o(u)?
1
Suppose 0 = 9*w - 35 + 17. Suppose w*j - 44 = -5*y, -4*y + 5*y + 164 = 5*j. What is the tens digit of j?
3
What is the thousands digit of 1429 + 9 + -5 + 5/(-1)?
1
Let l = 2503 + -1318. What is the thousands digit of l?
1
Let b(g) = -342*g + 36. What is the thousands digit of b(-12)?
4
Let q(c) = -c**2 - 6*c - 14. Let j(z) = -z**2 - 7*z - 15. Let o(m) = 7*j(m) - 6*q(m). What is the tens digit of o(-9)?
1
Let d = 4 - 6. Let z be ((-1)/d)/(7/28). Suppose z*o - 27 = -5*u, o + o - 6 = -2*u. What is the units digit of u?
7
Let z = -7 - -4. Let j(f) = f**2 - 22*f - 50. Let k be j(24). What is the units digit of (-1 - k)*(z + 4)?
1
Let r(u) = -9*u - 1. Let l(f) = -f**3 - 3*f**2 + 5*f + 5. Let n be l(-4). Let y be r(n). Let d = 12 + y. What is the units digit of d?
2
Let y(o) = 16*o**2 + 11*o + 10. What is the thousands digit of y(-10)?
1
Let m(n) = -7*n**3 - 4*n**2 + 2. Let c be 10/(-35) + (-19)/7. Let y be m(c). Suppose -i = -5*a + y + 125, -i = -2*a + 109. What is the units digit of a?
7
What is the units digit of (-2 - -62)*5400/81?
0
Let d = 14 - -8. Let s = 24 - d. Suppose 3*a - 80 = -s*a. What is the tens digit of a?
1
Let v be (-1)/(-3) - 33/(-9). Let w(u) = -u**2 - 25*u + 5. Let l be w(-25). Suppose l*s + 40 = v*f, -2*f + 3*s - 5*s = -20. What is the tens digit of f?
1
Let x(g) = -g**3 + 22*g**2 + 7*g - 49. What is the tens digit of x(20)?
9
Let t(s) = -19*s - 43. Suppose -3*p - 41 = 5*c - 0*p, 4*c = p - 43. What is the units digit of t(c)?
7
Let j be 4/((-4)/3) - (-35)/7. Suppose 2*a + j*a = 124. What is the tens digit of a?
3
Let i = 8 + 0. Suppose 0 = i*h - 49 - 7. What is the units digit of h?
7
Suppose -k + 2043 = 4*y - 0*k, 4*k = 4*y - 2028. What is the hundreds digit of y?
5
Suppose 7*z - 1156 - 248 = -4*h, -h + 351 = -5*z. What is the units digit of h?
1
What is the units digit of 4848/14 - (-24)/(-84)?
6
Let o(m) = m + 1. Let a(x) = -8*x - 3. Let v(j) = -a(j) - 4*o(j). Let c be v(2). Suppose 3*k = c*k - 104. What is the tens digit of k?
2
Let a(t) = 27*t + 22. Let d be a(6). Let l = d - 56. What is the units digit of l?
8
Let f be -18*(-4 + 33/9). What is the tens digit of (-1)/f - (-1655)/30?
5
Let f = 12 + -11. Let u(g) be the first derivative of 47*g**3/3 - g**2/2 + 2*g + 14. What is the tens digit of u(f)?
4
What is the thousands digit of 23401*(621/(-63) + 10)?
3
Let y(x) = 5*x**3 - x**2 + 3*x - 3. Let d be y(1). Suppose 0 = 5*h - 9 - 16. Suppose j = h*r - 0*j - 10, 0 = r + d*j + 19. What is the units digit of r?
1
Let t(x) be the second derivative of -x**5/20 - x**3/3 + x**2 - 5*x. What is the tens digit of t(-3)?
3
What is the units digit of (-3 + -1 - -5)/(2/102)?
1
Let z(k) = -k**2 - k - 1. Let q(a) = -2*a**3 + 3*a**2 + 3*a + 3. Let f(x) = q(x) + 4*z(x). Let n be f(-1). What is the tens digit of (-4 + 3)/(n/(-12))?
1
Suppose -4*x - 3*z = -3098 - 907, 2*z = -2*x + 2000. What is the tens digit of x?
0
Let z be 1 - (-2 + 5 + -1). Let s be (z - -1)/(3 - 1). Suppose 5*b - 59 = p, 5*p = 4*b - s*b - 64. What is the units digit of b?
1
Suppose -4*a + 25 = a. Suppose -4*n + 693 = b + 251, -10 = a*b. What is the tens digit of n?
1
Let i = -733 + 954. What is the units digit of i?
1
Suppose -4*q + 972 = 2*h, 0 = -15*q + 10*q + h + 1222. What is the tens digit of q?
4
Let l = 1853 - -613. What is the tens digit of l?
6
Suppose 3*b - 17 = 1. Let r = 63 - b. Let a = r + -38. What is the units digit of a?
9
Let c = 47 - 55. What is the tens digit of (-2)/c + (-1253)/(-28)?
4
Suppose -2*r + 14 = -2*q, -3*r - r = 2*q - 22. Suppose -3*p = -r - 9. Suppose 35 + 25 = p*n. What is the units digit of n?
2
Suppose -3*n + 96 - 362 = 2*u, 4*u = -n - 102. Let a = 18 - n. What is the hundreds digit of a?
1
Suppose 9*w - 5*w + 210 = o, 2*o = -2*w + 390. What is the hundreds digit of o?
1
What is the tens digit of (4/(-7))/((-71)/187369)?
0
Let u be 5/(-15) - (-44)/6. Suppose 4*f + 213 = u*f. What is the tens digit of f?
7
What is the hundreds digit of 2540/